{"id":7,"date":"2021-03-29T13:35:42","date_gmt":"2021-03-29T11:35:42","guid":{"rendered":"https:\/\/debbisservice.wordpress.com\/?page_id=7"},"modified":"2021-05-23T21:10:15","modified_gmt":"2021-05-23T21:10:15","slug":"blog","status":"publish","type":"page","link":"https:\/\/debi-service.de\/?page_id=7","title":{"rendered":"Unser Angebot"},"content":{"rendered":"\n<div class=\"wp-block-cover alignfull has-background-dim is-style-default\"><img class=\"wp-block-cover__image-background wp-image-121\" alt=\"\" src=\"https:\/\/debbisservice.files.wordpress.com\/2021\/03\/img_3195.jpg\" style=\"object-position:37% 25%\" data-object-fit=\"cover\" data-object-position=\"37% 25%\"\/><div class=\"wp-block-cover__inner-container\">\n<h1 class=\"has-text-align-center has-text-color has-huge-font-size\" style=\"color:#ffffff;line-height:1.5\">Vielf\u00e4ltiges Angebot f\u00fcr Ihre individuellen Anspr\u00fcche<\/h1>\n\n\n\n<h4 class=\"has-text-align-center\" style=\"line-height:1.5\">Die nachfolgende Auflistung stellt einen \u00dcberblick \u00fcber unser Hausverwaltungsangebot dar. Dieses erweitern wir im pers\u00f6nlichen Gespr\u00e4ch gerne nach Ihren individuellen Anspr\u00fcchen.<\/h4>\n<\/div><\/div>\n\n\n\n<h2 class=\"has-text-color\" id=\"Wohnung\" style=\"color:#0f1f79;font-size:29px\">WEG-Verwaltung<\/h2>\n\n\n\n<p class=\"has-text-color\" style=\"color:#000000;font-size:18px;line-height:1.7\">Unsere Wohnungseigentumsverwaltung stellt f\u00fcr Sie sicher, dass Ihre Immobilie jederzeit professionell und pers\u00f6nlich betreut wird. Unser Angebot f\u00fcr Sie umfasst unter anderem:<\/p>\n\n\n\n<ul class=\"has-text-color\" style=\"color:#000000;font-size:18px\"><li>Allgemeine Verwaltungst\u00e4tigkeit &#8211; Korrespondenz mit Eigent\u00fcmern, Mietern, Beh\u00f6rden und Handwerkern<\/li><li>Einberufung und Durchf\u00fchrung der Eigent\u00fcmerversammlung<\/li><li>Ordnungsgem\u00e4\u00dfe Buchf\u00fchrung und Geldverwaltung mit R\u00fccklagenmanagement<\/li><li>Instandhaltungs- und Instandsetzungsma\u00dfnahmen mit pers\u00f6nlicher und technischer \u00dcberwachung der Liegenschaft<\/li><li>Erstellung von Jahresabrechnungen und Wirtschaftspl\u00e4nen<\/li><li>Vertragsmanagement mit Mietern, Handwerkern, Beh\u00f6rden und Versicherungen<\/li><li> Abwicklung von Schadensf\u00e4llen<\/li><\/ul>\n\n\n\n<h2 class=\"has-text-color\" id=\"Sondereigentum\" style=\"color:#0f1f79;font-size:29px;line-height:1.5\">Sondereigentums- und Mietverwaltung<\/h2>\n\n\n\n<p class=\"has-text-color\" style=\"color:#000000;font-size:18px;line-height:1.7\">Auch bei der Suche und Auswahl solventer Mieter unterst\u00fctzen wir Sie gerne. Unser Angebot umfasst unter anderem:<\/p>\n\n\n\n<ul class=\"has-text-color\" style=\"color:#000000;font-size:18px\"><li>Interessenvertretung gegen\u00fcber dem Mieter<\/li><li>Abnahme und \u00dcbergabe des Objekts an Mieter<\/li><li>Begehung und Kontrolle des Wohnraums<\/li><li>Verwaltung und Kontrolle aller Ein- und Ausgaben inklusive Mietkautionen<\/li><li>Inkasso der Mieten und Nebenkosten<\/li><li>Betriebskostenabrechung<\/li><li>Korrespondenz mit Mietern, Beh\u00f6rden und Handwerkern<\/li><li>Verhandlungsf\u00fchrung<\/li><li>Geltendmachung der Mieterh\u00f6hung nach gesetzlichen Bestimmungen<\/li><li>Schadensmanagement<\/li><li>Technische Verwaltung &#8211; Instaltungs- und Instandsetzungmanagement im Einvernehmen mit dem Eigent\u00fcmer, Auswahl der Handwerker, \u00dcberwachung der Arbeiten<\/li><\/ul>\n\n\n\n<h2 class=\"has-text-color\" id=\"Gewerbeverwaltung\" style=\"color:#0f1f79;font-size:29px\">Gewerbeverwaltung<\/h2>\n\n\n\n<p class=\"has-text-color\" style=\"color:#000000;font-size:18px;line-height:1.7\">Gewerbeimmobilien bieten gro\u00dfes Potential, aber auch Risiken. Die Auswahl solventer Mieter erfordert Erfahrung. Unser Angebot umfasst:<\/p>\n\n\n\n<ul class=\"has-text-color\" style=\"color:#000000;font-size:18px\"><li>Hilfe bei der Ermittlung der Vertragslaufzeiten und optimaler Mietgestaltung <\/li><li>Auswahl solventer Gewerbetreibender<\/li><li>Verhandlungsf\u00fchrung sowie Abnahme und \u00dcbergabe des Objekts<\/li><li>Begehung und Kontrolle der Gewerbeimmobilie<\/li><li>Verwaltung und Kontrolle aller Ein- und Ausgaben inklusive Mietkautionen<\/li><li>Inkasso der Mieten und Nebenkosten<\/li><li>Betriebskostenabrechung (bei Bedarf)<\/li><li>Korrespondenz und Verhandlungsf\u00fchrung mit Mietern<\/li><li>Schadensmanagement und technische Verwaltung<\/li><\/ul>\n\n\n\n<p><\/p>\n","protected":false},"excerpt":{"rendered":"<p>WEG-Verwaltung Unsere Wohnungseigentumsverwaltung stellt f\u00fcr Sie sicher, dass Ihre Immobilie jederzeit professionell und pers\u00f6nlich betreut wird. Unser Angebot f\u00fcr Sie umfasst unter anderem: Allgemeine Verwaltungst\u00e4tigkeit &#8211; Korrespondenz mit Eigent\u00fcmern, Mietern, Beh\u00f6rden und Handwerkern Einberufung und Durchf\u00fchrung der Eigent\u00fcmerversammlung Ordnungsgem\u00e4\u00dfe Buchf\u00fchrung und Geldverwaltung mit R\u00fccklagenmanagement Instandhaltungs- und Instandsetzungsma\u00dfnahmen mit pers\u00f6nlicher und technischer \u00dcberwachung der Liegenschaft Erstellung &hellip; <\/p>\n<p class=\"link-more\"><a href=\"https:\/\/debi-service.de\/?page_id=7\" class=\"more-link\"><span class=\"screen-reader-text\">\u201eUnser Angebot\u201c <\/span>weiterlesen<\/a><\/p>\n","protected":false},"author":1,"featured_media":0,"parent":0,"menu_order":0,"comment_status":"closed","ping_status":"closed","template":"","meta":[],"_links":{"self":[{"href":"https:\/\/debi-service.de\/index.php?rest_route=\/wp\/v2\/pages\/7"}],"collection":[{"href":"https:\/\/debi-service.de\/index.php?rest_route=\/wp\/v2\/pages"}],"about":[{"href":"https:\/\/debi-service.de\/index.php?rest_route=\/wp\/v2\/types\/page"}],"author":[{"embeddable":true,"href":"https:\/\/debi-service.de\/index.php?rest_route=\/wp\/v2\/users\/1"}],"replies":[{"embeddable":true,"href":"https:\/\/debi-service.de\/index.php?rest_route=%2Fwp%2Fv2%2Fcomments&post=7"}],"version-history":[{"count":9,"href":"https:\/\/debi-service.de\/index.php?rest_route=\/wp\/v2\/pages\/7\/revisions"}],"predecessor-version":[{"id":296,"href":"https:\/\/debi-service.de\/index.php?rest_route=\/wp\/v2\/pages\/7\/revisions\/296"}],"wp:attachment":[{"href":"https:\/\/debi-service.de\/index.php?rest_route=%2Fwp%2Fv2%2Fmedia&parent=7"}],"curies":[{"name":"wp","href":"https:\/\/api.w.org\/{rel}","templated":true}]}}